{"id":160,"date":"2026-03-23T13:25:17","date_gmt":"2026-03-23T12:25:17","guid":{"rendered":"https:\/\/site26.monsitecommeunpro.fr\/?page_id=160"},"modified":"2026-03-23T13:59:08","modified_gmt":"2026-03-23T12:59:08","slug":"sejour-aux-gorges","status":"publish","type":"page","link":"https:\/\/site26.monsitecommeunpro.fr\/?page_id=160","title":{"rendered":"S\u00e9jour aux gorges"},"content":{"rendered":"\n<p>Si vous \u00eates ici c&rsquo;est que vous \u00eates int\u00e9resser par notre s\u00e9jour \ud83d\ude09<\/p>\n\n\n\n<p>Effectivement, a l&rsquo;occasion du Pont de l&rsquo;Ascension nous vous proposons, a vous, <strong>les plus fid\u00e8les de nos clients<\/strong>, \u00e0 s\u00e9jour a la hauteur de vos attentes dans <strong>les Gorges du Verdon<\/strong> !<\/p>\n\n\n\n<p><strong>Ce s\u00e9jour aura lieu du Jeudi 14 mai au dimanche 17 mai.<\/strong><\/p>\n\n\n\n<p>Lors de ce voyage nous vous proposons 3 parcours diff\u00e9rents adapter a tous, un <strong>Expert<\/strong>, un <strong>D\u00e9butant<\/strong>, et enfin un <strong>Loisir<\/strong>;<\/p>\n\n\n\n<p><strong>Expert<\/strong> : Sentier de l\u2019Imbut Le sentier de l\u2019Imbut, situ\u00e9 au c\u0153ur des Gorges du Verdon, est l\u2019un des parcours les plus connus du canyon. Son nom vient d\u2019un mot proven\u00e7al signifiant \u00ab entonnoir \u00bb, en r\u00e9f\u00e9rence \u00e0 l\u2019\u00e9troitesse extr\u00eame de la gorge o\u00f9 la rivi\u00e8re dispara\u00eet parfois sous les blocs rocheux. Le chemin d\u00e9bute en g\u00e9n\u00e9ral au parking des Cavaliers, d\u2019o\u00f9 l\u2019on descend vers le Verdon avant de longer la rive gauche sur un itin\u00e9raire sauvage, encaiss\u00e9 et tr\u00e8s min\u00e9ral.<\/p>\n\n\n\n<p><strong>D\u00e9butant<\/strong> : Sentier Blanc Martel II relie le Chalet de la Maline (pr\u00e8s de La Palud-sur-Verdon) au Point Sublime (ou au village de Rougon selon l\u2019option) : c\u2019est un aller simple d\u2019environ 15 \u00e0 16 km. L\u2019acc\u00e8s s\u2019effectue depuis La Palud-sur-Verdon, via le Chalet de la Maline &#8211; en voiture ou en navette (navette assur\u00e9e d\u2019avril \u00e0 novembre). Ce sentier s\u2019enfonce dans le canyon, alternant falaises, tunnels, passages \u00e9troits, escaliers : il fournit un acc\u00e8s direct spectaculaire au Verdon.<\/p>\n\n\n\n<p><strong>Loisir <\/strong>: Sentier Vidal Le Sentier Vidal est une voie d\u2019acc\u00e8s \/ de sortie du canyon du Verdon, qui rejoint le Sentier de l\u2019Imbut. Ce sentier porte le nom d\u2019un ing\u00e9nieur fran\u00e7ais ayant travaill\u00e9 aux am\u00e9nagements hydrologiques des Gorges au d\u00e9but du XXE si\u00e8cle. Historiquement, il aurait probablement \u00e9t\u00e9 utilis\u00e9 comme voie de secours pour acc\u00e9der aux zones de travail en cas d\u2019accident.<\/p>\n\n\n\n<p><strong>Voici le bulletin d&rsquo;inscription a comp\u00e9ter si vous \u00eates int\u00e9resser:  <\/strong><\/p>\n\n\n\n<p><a href=\"https:\/\/classroom.google.com\/c\/ODA2MzM3Nzc0Mzkw\/m\/ODU3MDY2MjIwNjU3\/details\">Bulletin d&rsquo;inscription Gorges du Verdon<\/a><\/p>\n\n\n\n<p><\/p>\n\n\n\n<p><\/p>\n","protected":false},"excerpt":{"rendered":"<p>Si vous \u00eates ici c&rsquo;est que vous \u00eates int\u00e9resser par notre s\u00e9jour \ud83d\ude09 Effectivement, a l&rsquo;occasion du Pont de l&rsquo;Ascension [&hellip;]<\/p>\n","protected":false},"author":1,"featured_media":0,"parent":0,"menu_order":0,"comment_status":"closed","ping_status":"closed","template":"","meta":{"_uag_custom_page_level_css":"","site-sidebar-layout":"default","site-content-layout":"","ast-site-content-layout":"default","site-content-style":"default","site-sidebar-style":"default","ast-global-header-display":"","ast-banner-title-visibility":"","ast-main-header-display":"","ast-hfb-above-header-display":"","ast-hfb-below-header-display":"","ast-hfb-mobile-header-display":"","site-post-title":"","ast-breadcrumbs-content":"","ast-featured-img":"","footer-sml-layout":"","ast-disable-related-posts":"","theme-transparent-header-meta":"","adv-header-id-meta":"","stick-header-meta":"","header-above-stick-meta":"","header-main-stick-meta":"","header-below-stick-meta":"","astra-migrate-meta-layouts":"default","ast-page-background-enabled":"default","ast-page-background-meta":{"desktop":{"background-color":"var(--ast-global-color-5)","background-image":"","background-repeat":"repeat","background-position":"center center","background-size":"auto","background-attachment":"scroll","background-type":"","background-media":"","overlay-type":"","overlay-color":"","overlay-opacity":"","overlay-gradient":""},"tablet":{"background-color":"","background-image":"","background-repeat":"repeat","background-position":"center center","background-size":"auto","background-attachment":"scroll","background-type":"","background-media":"","overlay-type":"","overlay-color":"","overlay-opacity":"","overlay-gradient":""},"mobile":{"background-color":"","background-image":"","background-repeat":"repeat","background-position":"center center","background-size":"auto","background-attachment":"scroll","background-type":"","background-media":"","overlay-type":"","overlay-color":"","overlay-opacity":"","overlay-gradient":""}},"ast-content-background-meta":{"desktop":{"background-color":"var(--ast-global-color-4)","background-image":"","background-repeat":"repeat","background-position":"center center","background-size":"auto","background-attachment":"scroll","background-type":"","background-media":"","overlay-type":"","overlay-color":"","overlay-opacity":"","overlay-gradient":""},"tablet":{"background-color":"var(--ast-global-color-4)","background-image":"","background-repeat":"repeat","background-position":"center center","background-size":"auto","background-attachment":"scroll","background-type":"","background-media":"","overlay-type":"","overlay-color":"","overlay-opacity":"","overlay-gradient":""},"mobile":{"background-color":"var(--ast-global-color-4)","background-image":"","background-repeat":"repeat","background-position":"center center","background-size":"auto","background-attachment":"scroll","background-type":"","background-media":"","overlay-type":"","overlay-color":"","overlay-opacity":"","overlay-gradient":""}},"footnotes":""},"class_list":["post-160","page","type-page","status-publish","hentry"],"yoast_head":"<!-- This site is optimized with the Yoast SEO plugin v27.0 - https:\/\/yoast.com\/product\/yoast-seo-wordpress\/ -->\n<title>S\u00e9jour aux gorges - Place Boots<\/title>\n<meta name=\"robots\" content=\"index, follow, max-snippet:-1, max-image-preview:large, max-video-preview:-1\" \/>\n<link rel=\"canonical\" href=\"https:\/\/site26.monsitecommeunpro.fr\/?page_id=160\" \/>\n<meta property=\"og:locale\" content=\"fr_FR\" \/>\n<meta property=\"og:type\" content=\"article\" \/>\n<meta property=\"og:title\" content=\"S\u00e9jour aux gorges - Place Boots\" \/>\n<meta property=\"og:description\" content=\"Si vous \u00eates ici c&rsquo;est que vous \u00eates int\u00e9resser par notre s\u00e9jour \ud83d\ude09 Effectivement, a l&rsquo;occasion du Pont de l&rsquo;Ascension [&hellip;]\" \/>\n<meta property=\"og:url\" content=\"https:\/\/site26.monsitecommeunpro.fr\/?page_id=160\" \/>\n<meta property=\"og:site_name\" content=\"Place Boots\" \/>\n<meta property=\"article:modified_time\" content=\"2026-03-23T12:59:08+00:00\" \/>\n<meta name=\"twitter:card\" content=\"summary_large_image\" \/>\n<meta name=\"twitter:label1\" content=\"Dur\u00e9e de lecture estim\u00e9e\" \/>\n\t<meta name=\"twitter:data1\" content=\"2 minutes\" \/>\n<script type=\"application\/ld+json\" class=\"yoast-schema-graph\">{\"@context\":\"https:\/\/schema.org\",\"@graph\":[{\"@type\":\"WebPage\",\"@id\":\"https:\/\/site26.monsitecommeunpro.fr\/?page_id=160\",\"url\":\"https:\/\/site26.monsitecommeunpro.fr\/?page_id=160\",\"name\":\"S\u00e9jour aux gorges - Place Boots\",\"isPartOf\":{\"@id\":\"https:\/\/site26.monsitecommeunpro.fr\/#website\"},\"datePublished\":\"2026-03-23T12:25:17+00:00\",\"dateModified\":\"2026-03-23T12:59:08+00:00\",\"breadcrumb\":{\"@id\":\"https:\/\/site26.monsitecommeunpro.fr\/?page_id=160#breadcrumb\"},\"inLanguage\":\"fr-FR\",\"potentialAction\":[{\"@type\":\"ReadAction\",\"target\":[\"https:\/\/site26.monsitecommeunpro.fr\/?page_id=160\"]}]},{\"@type\":\"BreadcrumbList\",\"@id\":\"https:\/\/site26.monsitecommeunpro.fr\/?page_id=160#breadcrumb\",\"itemListElement\":[{\"@type\":\"ListItem\",\"position\":1,\"name\":\"Accueil\",\"item\":\"https:\/\/site26.monsitecommeunpro.fr\/\"},{\"@type\":\"ListItem\",\"position\":2,\"name\":\"S\u00e9jour aux gorges\"}]},{\"@type\":\"WebSite\",\"@id\":\"https:\/\/site26.monsitecommeunpro.fr\/#website\",\"url\":\"https:\/\/site26.monsitecommeunpro.fr\/\",\"name\":\"Place Boots\",\"description\":\"\",\"publisher\":{\"@id\":\"https:\/\/site26.monsitecommeunpro.fr\/#organization\"},\"potentialAction\":[{\"@type\":\"SearchAction\",\"target\":{\"@type\":\"EntryPoint\",\"urlTemplate\":\"https:\/\/site26.monsitecommeunpro.fr\/?s={search_term_string}\"},\"query-input\":{\"@type\":\"PropertyValueSpecification\",\"valueRequired\":true,\"valueName\":\"search_term_string\"}}],\"inLanguage\":\"fr-FR\"},{\"@type\":\"Organization\",\"@id\":\"https:\/\/site26.monsitecommeunpro.fr\/#organization\",\"name\":\"Place Boots\",\"url\":\"https:\/\/site26.monsitecommeunpro.fr\/\",\"logo\":{\"@type\":\"ImageObject\",\"inLanguage\":\"fr-FR\",\"@id\":\"https:\/\/site26.monsitecommeunpro.fr\/#\/schema\/logo\/image\/\",\"url\":\"https:\/\/site26.monsitecommeunpro.fr\/wp-content\/uploads\/2026\/03\/cropped-cropped-Logo-site-2.png\",\"contentUrl\":\"https:\/\/site26.monsitecommeunpro.fr\/wp-content\/uploads\/2026\/03\/cropped-cropped-Logo-site-2.png\",\"width\":961,\"height\":865,\"caption\":\"Place Boots\"},\"image\":{\"@id\":\"https:\/\/site26.monsitecommeunpro.fr\/#\/schema\/logo\/image\/\"}}]}<\/script>\n<!-- \/ Yoast SEO plugin. -->","yoast_head_json":{"title":"S\u00e9jour aux gorges - Place Boots","robots":{"index":"index","follow":"follow","max-snippet":"max-snippet:-1","max-image-preview":"max-image-preview:large","max-video-preview":"max-video-preview:-1"},"canonical":"https:\/\/site26.monsitecommeunpro.fr\/?page_id=160","og_locale":"fr_FR","og_type":"article","og_title":"S\u00e9jour aux gorges - Place Boots","og_description":"Si vous \u00eates ici c&rsquo;est que vous \u00eates int\u00e9resser par notre s\u00e9jour \ud83d\ude09 Effectivement, a l&rsquo;occasion du Pont de l&rsquo;Ascension [&hellip;]","og_url":"https:\/\/site26.monsitecommeunpro.fr\/?page_id=160","og_site_name":"Place Boots","article_modified_time":"2026-03-23T12:59:08+00:00","twitter_card":"summary_large_image","twitter_misc":{"Dur\u00e9e de lecture estim\u00e9e":"2 minutes"},"schema":{"@context":"https:\/\/schema.org","@graph":[{"@type":"WebPage","@id":"https:\/\/site26.monsitecommeunpro.fr\/?page_id=160","url":"https:\/\/site26.monsitecommeunpro.fr\/?page_id=160","name":"S\u00e9jour aux gorges - Place Boots","isPartOf":{"@id":"https:\/\/site26.monsitecommeunpro.fr\/#website"},"datePublished":"2026-03-23T12:25:17+00:00","dateModified":"2026-03-23T12:59:08+00:00","breadcrumb":{"@id":"https:\/\/site26.monsitecommeunpro.fr\/?page_id=160#breadcrumb"},"inLanguage":"fr-FR","potentialAction":[{"@type":"ReadAction","target":["https:\/\/site26.monsitecommeunpro.fr\/?page_id=160"]}]},{"@type":"BreadcrumbList","@id":"https:\/\/site26.monsitecommeunpro.fr\/?page_id=160#breadcrumb","itemListElement":[{"@type":"ListItem","position":1,"name":"Accueil","item":"https:\/\/site26.monsitecommeunpro.fr\/"},{"@type":"ListItem","position":2,"name":"S\u00e9jour aux gorges"}]},{"@type":"WebSite","@id":"https:\/\/site26.monsitecommeunpro.fr\/#website","url":"https:\/\/site26.monsitecommeunpro.fr\/","name":"Place Boots","description":"","publisher":{"@id":"https:\/\/site26.monsitecommeunpro.fr\/#organization"},"potentialAction":[{"@type":"SearchAction","target":{"@type":"EntryPoint","urlTemplate":"https:\/\/site26.monsitecommeunpro.fr\/?s={search_term_string}"},"query-input":{"@type":"PropertyValueSpecification","valueRequired":true,"valueName":"search_term_string"}}],"inLanguage":"fr-FR"},{"@type":"Organization","@id":"https:\/\/site26.monsitecommeunpro.fr\/#organization","name":"Place Boots","url":"https:\/\/site26.monsitecommeunpro.fr\/","logo":{"@type":"ImageObject","inLanguage":"fr-FR","@id":"https:\/\/site26.monsitecommeunpro.fr\/#\/schema\/logo\/image\/","url":"https:\/\/site26.monsitecommeunpro.fr\/wp-content\/uploads\/2026\/03\/cropped-cropped-Logo-site-2.png","contentUrl":"https:\/\/site26.monsitecommeunpro.fr\/wp-content\/uploads\/2026\/03\/cropped-cropped-Logo-site-2.png","width":961,"height":865,"caption":"Place Boots"},"image":{"@id":"https:\/\/site26.monsitecommeunpro.fr\/#\/schema\/logo\/image\/"}}]}},"uagb_featured_image_src":{"full":false,"thumbnail":false,"medium":false,"medium_large":false,"large":false,"1536x1536":false,"2048x2048":false},"uagb_author_info":{"display_name":"admin","author_link":"https:\/\/site26.monsitecommeunpro.fr\/?author=1"},"uagb_comment_info":0,"uagb_excerpt":"Si vous \u00eates ici c&rsquo;est que vous \u00eates int\u00e9resser par notre s\u00e9jour \ud83d\ude09 Effectivement, a l&rsquo;occasion du Pont de l&rsquo;Ascension [&hellip;]","_links":{"self":[{"href":"https:\/\/site26.monsitecommeunpro.fr\/index.php?rest_route=\/wp\/v2\/pages\/160","targetHints":{"allow":["GET"]}}],"collection":[{"href":"https:\/\/site26.monsitecommeunpro.fr\/index.php?rest_route=\/wp\/v2\/pages"}],"about":[{"href":"https:\/\/site26.monsitecommeunpro.fr\/index.php?rest_route=\/wp\/v2\/types\/page"}],"author":[{"embeddable":true,"href":"https:\/\/site26.monsitecommeunpro.fr\/index.php?rest_route=\/wp\/v2\/users\/1"}],"replies":[{"embeddable":true,"href":"https:\/\/site26.monsitecommeunpro.fr\/index.php?rest_route=%2Fwp%2Fv2%2Fcomments&post=160"}],"version-history":[{"count":3,"href":"https:\/\/site26.monsitecommeunpro.fr\/index.php?rest_route=\/wp\/v2\/pages\/160\/revisions"}],"predecessor-version":[{"id":171,"href":"https:\/\/site26.monsitecommeunpro.fr\/index.php?rest_route=\/wp\/v2\/pages\/160\/revisions\/171"}],"wp:attachment":[{"href":"https:\/\/site26.monsitecommeunpro.fr\/index.php?rest_route=%2Fwp%2Fv2%2Fmedia&parent=160"}],"curies":[{"name":"wp","href":"https:\/\/api.w.org\/{rel}","templated":true}]}}

Séjour aux gorges

<p>Si vous êtes ici c&rsquo;est que vous êtes intéresser par notre séjour 😉</p>



<p>Effectivement, a l&rsquo;occasion du Pont de l&rsquo;Ascension nous vous proposons, a vous, <strong>les plus fidèles de nos clients</strong>, à séjour a la hauteur de vos attentes dans <strong>les Gorges du Verdon</strong> !</p>



<p><strong>Ce séjour aura lieu du Jeudi 14 mai au dimanche 17 mai.</strong></p>



<p>Lors de ce voyage nous vous proposons 3 parcours différents adapter a tous, un <strong>Expert</strong>, un <strong>Débutant</strong>, et enfin un <strong>Loisir</strong>;</p>



<p><strong>Expert</strong> : Sentier de l’Imbut Le sentier de l’Imbut, situé au cœur des Gorges du Verdon, est l’un des parcours les plus connus du canyon. Son nom vient d’un mot provençal signifiant « entonnoir », en référence à l’étroitesse extrême de la gorge où la rivière disparaît parfois sous les blocs rocheux. Le chemin débute en général au parking des Cavaliers, d’où l’on descend vers le Verdon avant de longer la rive gauche sur un itinéraire sauvage, encaissé et très minéral.</p>



<p><strong>Débutant</strong> : Sentier Blanc Martel II relie le Chalet de la Maline (près de La Palud-sur-Verdon) au Point Sublime (ou au village de Rougon selon l’option) : c’est un aller simple d’environ 15 à 16 km. L’accès s’effectue depuis La Palud-sur-Verdon, via le Chalet de la Maline &#8211; en voiture ou en navette (navette assurée d’avril à novembre). Ce sentier s’enfonce dans le canyon, alternant falaises, tunnels, passages étroits, escaliers : il fournit un accès direct spectaculaire au Verdon.</p>



<p><strong>Loisir </strong>: Sentier Vidal Le Sentier Vidal est une voie d’accès / de sortie du canyon du Verdon, qui rejoint le Sentier de l’Imbut. Ce sentier porte le nom d’un ingénieur français ayant travaillé aux aménagements hydrologiques des Gorges au début du XXE siècle. Historiquement, il aurait probablement été utilisé comme voie de secours pour accéder aux zones de travail en cas d’accident.</p>



<p><strong>Voici le bulletin d&rsquo;inscription a compéter si vous êtes intéresser:  </strong></p>



<p><a href="https://classroom.google.com/c/ODA2MzM3Nzc0Mzkw/m/ODU3MDY2MjIwNjU3/details">Bulletin d&rsquo;inscription Gorges du Verdon</a></p>



<p></p>



<p></p>

<p>Si vous êtes ici c&rsquo;est que vous êtes intéresser par notre séjour 😉 Effectivement, a l&rsquo;occasion du Pont de l&rsquo;Ascension [&hellip;]</p>

<!-- This site is optimized with the Yoast SEO plugin v27.0 - https://yoast.com/product/yoast-seo-wordpress/ -->
<title>Séjour aux gorges - Place Boots</title>
<meta name="robots" content="index, follow, max-snippet:-1, max-image-preview:large, max-video-preview:-1" />
<link rel="canonical" href="https://site26.monsitecommeunpro.fr/?page_id=160" />
<meta property="og:locale" content="fr_FR" />
<meta property="og:type" content="article" />
<meta property="og:title" content="Séjour aux gorges - Place Boots" />
<meta property="og:description" content="Si vous êtes ici c&rsquo;est que vous êtes intéresser par notre séjour 😉 Effectivement, a l&rsquo;occasion du Pont de l&rsquo;Ascension [&hellip;]" />
<meta property="og:url" content="https://site26.monsitecommeunpro.fr/?page_id=160" />
<meta property="og:site_name" content="Place Boots" />
<meta property="article:modified_time" content="2026-03-23T12:59:08+00:00" />
<meta name="twitter:card" content="summary_large_image" />
<meta name="twitter:label1" content="Durée de lecture estimée" />
	<meta name="twitter:data1" content="2 minutes" />
<script type="application/ld+json" class="yoast-schema-graph">{"@context":"https://schema.org","@graph":[{"@type":"WebPage","@id":"https://site26.monsitecommeunpro.fr/?page_id=160","url":"https://site26.monsitecommeunpro.fr/?page_id=160","name":"Séjour aux gorges - Place Boots","isPartOf":{"@id":"https://site26.monsitecommeunpro.fr/#website"},"datePublished":"2026-03-23T12:25:17+00:00","dateModified":"2026-03-23T12:59:08+00:00","breadcrumb":{"@id":"https://site26.monsitecommeunpro.fr/?page_id=160#breadcrumb"},"inLanguage":"fr-FR","potentialAction":[{"@type":"ReadAction","target":["https://site26.monsitecommeunpro.fr/?page_id=160"]}]},{"@type":"BreadcrumbList","@id":"https://site26.monsitecommeunpro.fr/?page_id=160#breadcrumb","itemListElement":[{"@type":"ListItem","position":1,"name":"Accueil","item":"https://site26.monsitecommeunpro.fr/"},{"@type":"ListItem","position":2,"name":"Séjour aux gorges"}]},{"@type":"WebSite","@id":"https://site26.monsitecommeunpro.fr/#website","url":"https://site26.monsitecommeunpro.fr/","name":"Place Boots","description":"","publisher":{"@id":"https://site26.monsitecommeunpro.fr/#organization"},"potentialAction":[{"@type":"SearchAction","target":{"@type":"EntryPoint","urlTemplate":"https://site26.monsitecommeunpro.fr/?s={search_term_string}"},"query-input":{"@type":"PropertyValueSpecification","valueRequired":true,"valueName":"search_term_string"}}],"inLanguage":"fr-FR"},{"@type":"Organization","@id":"https://site26.monsitecommeunpro.fr/#organization","name":"Place Boots","url":"https://site26.monsitecommeunpro.fr/","logo":{"@type":"ImageObject","inLanguage":"fr-FR","@id":"https://site26.monsitecommeunpro.fr/#/schema/logo/image/","url":"https://site26.monsitecommeunpro.fr/wp-content/uploads/2026/03/cropped-cropped-Logo-site-2.png","contentUrl":"https://site26.monsitecommeunpro.fr/wp-content/uploads/2026/03/cropped-cropped-Logo-site-2.png","width":961,"height":865,"caption":"Place Boots"},"image":{"@id":"https://site26.monsitecommeunpro.fr/#/schema/logo/image/"}}]}</script>
<!-- / Yoast SEO plugin. -->

Séjour aux gorges - Place Boots

Si vous êtes ici c&rsquo;est que vous êtes intéresser par notre séjour 😉 Effectivement, a l&rsquo;occasion du Pont de l&rsquo;Ascension [&hellip;]
